c(-16).
-9
Let u(x) = 5*x + 86. What is u(-16)?
6
Let o(i) = -i**3 + i**2 - i - 3. Give o(-3).
36
Let d(h) = -7*h**2 - h + 3. Determine d(2).
-27
Let i(w) = -w**2 + 98*w - 1. Give i(0).
-1
Let r(w) = w**2 + 8*w + 5. Determine r(-7).
-2
Let h(u) = -u**3 + 8*u**2 + 21*u - 11. Give h(10).
-1
Let n(m) = m**2 - 8*m + 10. What is n(7)?
3
Let u(b) = -b**3 - 36*b**2 - 2*b - 80. Give u(-36).
-8
Let s(m) = -m**2 + 9*m - 10. Calculate s(8).
-2
Let n(x) = 3*x**2 + 90*x + 1. What is n(-30)?
1
Let o(q) = -q**2 + 9*q + 110. Calculate o(15).
20
Let g(s) = -s**3 + 13*s**2 - 2*s + 28. What is g(14)?
-196
Let t(h) = -19*h + 23. Determine t(6).
-91
Let k(f) = 5*f - 2. Give k(-6).
-32
Let o(z) = -11*z + 487. Give o(45).
-8
Let x(i) = -i**3 + 8*i**2 - 3*i - 24. What is x(7)?
4
Let s(n) = 6*n - 8. Give s(10).
52
Let r(f) = 118*f + 829. Determine r(-7).
3
Let z(b) = b**3 + 12*b**2 - 16*b + 18. Give z(-13).
57
Let j(d) = -16*d - 5. Give j(1).
-21
Let u(l) = 34*l**2 - l. Calculate u(1).
33
Let m(h) = -h**3 - 6*h**2 + 11*h + 1. Give m(-8).
41
Let x(q) = 14*q - 11. What is x(5)?
59
Let s(p) = -6*p - 1. Calculate s(-2).
11
Let z(p) = -p**3 - 12*p**2 + p - 6. What is z(-12)?
-18
Let k(b) = 4*b - 29. Calculate k(8).
3
Let j(n) = n**3 + n**2 + n - 2. Calculate j(0).
-2
Let x(b) = b**3 - 17*b**2 + 26*b - 54. What is x(15)?
-114
Let p(v) = v + 16. Determine p(-12).
4
Let t(m) = -4*m**3 - 15*m**2 + 4*m. Determine t(-4).
0
Let n(r) = -4*r**2 - 64*r - 25. What is n(-16)?
-25
Let z(b) = 4*b + 27. Give z(-6).
3
Let d(g) = 3*g + 4. Determine d(-7).
-17
Let q(p) = -p**3 - 12*p**2 - 17*p + 24. Determine q(-10).
-6
Let u(p) = p**3 + 32*p**2 - 7. Calculate u(-32).
-7
Let o(i) = i**3 - 12*i**2 + 12*i - 9. Give o(11).
2
Let l(z) = -15*z + 4. Determine l(-3).
49
Let i(f) = 8*f**2 + f. Calculate i(-1).
7
Let g(x) = 24*x + 140. Determine g(-6).
-4
Let h(c) = 11*c**2 + 2*c + 1. What is h(-2)?
41
Let b(n) = -5*n**3 - n**2 - 2*n + 1. Give b(-2).
41
Let y(j) = -38*j - 354. Calculate y(-9).
-12
Let t(k) = 4*k - 10. Calculate t(3).
2
Let l(g) = -g**2 - 16*g + 6. What is l(-10)?
66
Let d(g) = -17*g + 18. What is d(6)?
-84
Let f(s) = -s**2 - 10*s - 14. What is f(-10)?
-14
Let v(i) = i + 19. Give v(-14).
5
Let t(a) = -3*a**3 + 8*a**2 - 12*a - 2. Give t(4).
-114
Let t(w) = 9*w - 48. What is t(6)?
6
Let d(z) = -z**3 + 2*z**2 + 53*z - 104. Calculate d(2).
2
Let a(j) = 8*j - 84. Determine a(8).
-20
Let w(x) = -x**3 + 3*x**2 - 3*x - 4. What is w(3)?
-13
Let s(h) = -h**3 - 6*h**2 - h - 19. What is s(-6)?
-13
Let i(o) = -10*o - 12. Calculate i(-3).
18
Let b(o) = o**3 - 13*o**2 - 12*o - 17. Calculate b(14).
11
Let p(m) = 12*m + 1. Give p(1).
13
Let f(o) = o**2 - 2*o + 60. Give f(0).
60
Let d(f) = -f**2 - 14*f - 9. Calculate d(-13).
4
Let r(l) = -2*l + 48. Determine r(-9).
66
Let f(i) = i**3 + i + 4. Calculate f(0).
4
Let g(b) = -9*b**2 - 5*b + 1. Calculate g(-1).
-3
Let v(q) = -q**2 - 5*q - 16. Determine v(-7).
-30
Let f(c) = -c**2 + 12*c - 37. Calculate f(12).
-37
Let u(p) = 121*p**3 - p**2 + 4*p - 3. What is u(1)?
121
Let a(g) = -7*g - 160. Calculate a(-24).
8
Let u(w) = w**3 + 7*w**2 - 5*w - 43. Calculate u(-7).
-8
Let r(j) = j**2 - 4*j - 10. Give r(7).
11
Let u(d) = -d**3 - 39*d**2 - 74*d - 6. What is u(-37)?
-6
Let s(c) = -8*c + 6. What is s(1)?
-2
Let h(i) = 45*i. Calculate h(-1).
-45
Let b(z) = 2*z + 1. What is b(5)?
11
Let q(y) = -2*y + 37. What is q(16)?
5
Let h(q) = q**3 - 5*q**2 + 4*q + 5. Determine h(3).
-1
Let m(n) = 2*n**3 - 2*n**2 + n - 1. Calculate m(2).
9
Let d(b) = -b**3 + 15*b**2 - 52*b - 22. Give d(9).
-4
Let x(j) = j**3 + 13*j**2 + 12*j - 13. Determine x(-12).
-13
Let w(n) = n**3 - 13*n**2 + 21*n + 4. Determine w(11).
-7
Let s(i) = i**3 + 11*i**2 + 9*i - 10. What is s(-10)?
0
Let n(g) = 111*g - 234. Calculate n(2).
-12
Let j(t) = -3*t**2 - 3*t + 4. Determine j(-3).
-14
Let k(o) = -5*o**3 - 3*o**2 + 2*o - 2. Determine k(-3).
100
Let s(v) = 8*v + 42. Determine s(-7).
-14
Let h(s) = -s**3 + 6*s**2 - 13*s + 83. What is h(6)?
5
Let p(m) = -m**2 - 15*m - 45. Determine p(-6).
9
Let l(c) = c**3 - 17*c**2 + 16*c - 2. Give l(16).
-2
Let n(i) = -i**3 - i**2 - i - 2. Calculate n(-1).
-1
Let u(y) = 49*y**3 + 2*y**2 + 2*y + 1. Calculate u(-1).
-48
Let g(w) = 2*w - 3. Determine g(-13).
-29
Let x(w) = -3*w**2 - 9*w + 2. Calculate x(-4).
-10
Let t(q) = -3*q**2. Calculate t(0).
0
Let z(k) = 4*k**2 + 163*k - 15. Calculate z(-41).
26
Let m(r) = -7*r - 10. What is m(-2)?
4
Let l(g) = 6*g - 18. Give l(-4).
-42
Let q(s) = 4*s - 4. Determine q(5).
16
Let u(v) = -v**3 + 3*v**2 + 20*v - 32. What is u(7)?
-88
Let k(j) = -6*j + 23. Give k(10).
-37
Let a(v) = -3*v + 1. Give a(-3).
10
Let g(b) = -b**3 + 6*b + 6. What is g(4)?
-34
Let r(f) = -11*f + 77. Give r(5).
22
Let v(y) = y**2 - 53*y + 110. What is v(51)?
8
Let o(k) = -5*k + 77. What is o(7)?
42
Let q(f) = 19*f**2 - 3*f + 1. Determine q(1).
17
Let i(r) = 28*r - 592. Calculate i(21).
-4
Let p(s) = 5*s - 58. Determine p(11).
-3
Let i(o) = 6*o**2 + 2*o - 2. Calculate i(1).
6
Let c(v) = -v - 4. Calculate c(-4).
0
Let l(y) = -y**2 - 2*y + 1. Determine l(-5).
-14
Let w(k) = 2*k**3 + 3*k**2 - k - 2. Calculate w(-2).
-4
Let i(j) = j**3 - 23. Calculate i(0).
-23
Let v(k) = 27*k - 12. Determine v(6).
150
Let x(w) = -w**3 + 9*w**2 + 8*w + 3. What is x(10)?
-17
Let i(r) = -r**3 - 19*r**2 + 20*r + 12. Determine i(-20).
12
Let g(a) = 4*a - 25. What is g(-4)?
-41
Let s(h) = 12*h + 66. Calculate s(-6).
-6
Let f(l) = 31*l**2 + l - 1. Determine f(1).
31
Let t(s) = 2*s**2 - 3*s - 2. What is t(-1)?
3
Let i(j) = -j**2 + 11*j - 2. Determine i(8).
22
Let m(i) = i**2 + 37*i + 162. Determine m(-32).
2
Let g(i) = -i**2 - 11*i + 8. Calculate g(-9).
26
Let u(z) = -2*z**2 - 27*z + 50. Give u(-15).
5
Let j(u) = -u**3 - 7*u**2 - 11*u - 8. What is j(-5)?
-3
Let q(h) = h**3 - 2*h**2 - 2*h. Calculate q(-3).
-39
Let x(z) = 2*z**2 - 26*z - 20. Determine x(13).
-20
Let y(i) = -4*i + 8. What is y(-2)?
16
Let u(z) = z + 13. Determine u(-6).
7
Let j(k) = k**2 + 2*k + 6. Determine j(-2).
6
Let m(d) = 2*d**3 - 4*d**2 + d - 9. Give m(4).
59
Let x(m) = m**3 + 4*m**2 - 7*m - 36. Calculate x(-4).
-8
Let d(w) = -2*w**2 - 75*w + 106. Determine d(-39).
-11
Let k(c) = 2*c**3 - 10*c**2 + 3*c + 2. Calculate k(5).
17
Let l(v) = v**2 + 3*v - 4. Give l(3).
14
Let s(l) = -l**3 + 23*l**2 - 32*l + 24. Calculate s(21).
234
Let l(x) = -3*x**2 - 3*x + 2. Give l(-3).
-16
Let n(t) = -t**3 + 14*t**2 + 53*t + 2. Calculate n(-3).
-4
Let h(g) = g**2 - g - 3. Give h(3).
3
Let o(g) = -107*g**3 - g - 2. Calculate o(-1).
106
Let u(b) = b**2 - 11*b + 12. Give u(7).
-16
Let w(d) = d**2 + 2*d - 13. What is w(0)?
-13
Let f(w) = w**3 + 18*w**2 - w - 15. Calculate f(-18).
3
Let s(p) = -p**3 + 4*p**2 + 5*p - 3. What is s(4)?
17
Let p(q) = -2*q + 15. Give p(9).
-3
Let n(u) = u**2 + 23*u + 141. Calculate n(-13).
11
Let i(g) = g**2 - 12*g - 9. Determine i(11).
-20
Let l(q) = q**2 - 8*q + 15. What is l(7)?
8
Let r(n) = -19*n**3 + n**2 + 2*n + 2. Determine r(-1).
20
Let r(s) = s**3 - 13*s**2 - 15*s + 13. Give r(14).
-1
Let q(d) = 2*d**3 + 9*d**2 - d + 27. Give q(-5).
7
Let u(j) = -2*j**2 - 6*j + 5. What is u(0)?
5
Let b(l) = -19*l - 109. Determine b(-6).
5
Let b(x) = -2*x - 9. Give b(-9).
9
Let j(w) = -w - 3. Give j(6).
-9
Let t(x) = -28*x - 16. Determine t(-1).
12
Let k(i) = i**2 - 7*i + 16. Give k(7).
16
Let z(o) = o**2 + 6*o - 1. What is z(-6)?
-1
Let k(c) = -c**2 - 19*c + 73. Give k(-21).
31
Let g(u) = u**3 - 7*u**2 - 10*u + 15. What is g(6)?
-81
Let b(k) = -4*k + 3. Determine b(6).
-21
Let g(o) = -3*o**2 + 49*o + 294. Determine g(21).
0
Let r(j) = j**3 + 13*j**2 - 14*j - 6. What is r(-14)?
-6
Let a(m) = m**3 + 17*m**2 + 15*m - 28. Determine a(-16).
-12
Let u(i) = -11*i**2 - 10*i - 16. Give u(-2).
-40
Let s(p) = -p**3 - 7*p**2 - 5*p. What is s(-5)?
-25
Let q(d) = d**2 - 15*d - 10. Give q(16).
6
Let c(l) = -2*l**2 + 65*l - 134. What is c(30)?
16
Let z(j) = -6*j - 15. Calculate z(5).
-45
Let i(p) = p**3 - 6*p**2 - 8. What is i(6)?
-8
Let b(a) = a**2 + 6*a + 7. What is b(-3)?
-2
Let c(l) = -l**3 + 11*l**2 - 9*l - 6. What is c(10)?
4
Let t(b) = -b**2 - 8*b - 5. Calculate t(-4).
11
Let i(u) = 2*u**2 - 14*u + 13. Determine i(6).
1
Let u(y) = -y**3 + 6*y**2 + 11*y + 1. Give u(7).
29
Let n(s) = -230*s - 234. What is n(-1)?
-4
Let j(d) = d - 1